{"id":18972,"date":"2014-06-02T12:42:37","date_gmt":"2014-06-02T12:42:37","guid":{"rendered":"http:\/\/demo.select-themes.com\/stockholm3\/?page_id=18972"},"modified":"2016-05-12T08:03:32","modified_gmt":"2016-05-12T08:03:32","slug":"all-posts","status":"publish","type":"page","link":"http:\/\/consumerinsight.eu\/marketingisdead\/blog\/all-posts\/","title":{"rendered":"Tous les articles"},"content":{"rendered":"","protected":false},"excerpt":{"rendered":"","protected":false},"author":1,"featured_media":0,"parent":1815,"menu_order":0,"comment_status":"open","ping_status":"open","template":"blog-masonry.php","meta":{"spay_email":""},"yoast_head":"<!-- This site is optimized with the Yoast SEO plugin v18.3 - https:\/\/yoast.com\/wordpress\/plugins\/seo\/ -->\n<title>Tous les articles - Marketing is Dead<\/title>\n<meta name=\"robots\" content=\"index, follow, max-snippet:-1, max-image-preview:large, max-video-preview:-1\" \/>\n<link rel=\"canonical\" href=\"https:\/\/consumerinsight.eu\/marketingisdead\/blog\/all-posts\/\" \/>\n<meta property=\"og:locale\" content=\"fr_FR\" \/>\n<meta property=\"og:type\" content=\"article\" \/>\n<meta property=\"og:title\" content=\"Tous les articles - Marketing is Dead\" \/>\n<meta property=\"og:url\" content=\"https:\/\/consumerinsight.eu\/marketingisdead\/blog\/all-posts\/\" \/>\n<meta property=\"og:site_name\" content=\"Marketing is Dead\" \/>\n<meta property=\"article:modified_time\" content=\"2016-05-12T08:03:32+00:00\" \/>\n<meta name=\"twitter:card\" content=\"summary\" \/>\n<script type=\"application\/ld+json\" class=\"yoast-schema-graph\">{\"@context\":\"https:\/\/schema.org\",\"@graph\":[{\"@type\":\"WebSite\",\"@id\":\"https:\/\/consumerinsight.eu\/marketingisdead\/#website\",\"url\":\"https:\/\/consumerinsight.eu\/marketingisdead\/\",\"name\":\"Marketing is Dead\",\"description\":\"Le marketing est mort, vive le marketing\",\"potentialAction\":[{\"@type\":\"SearchAction\",\"target\":{\"@type\":\"EntryPoint\",\"urlTemplate\":\"https:\/\/consumerinsight.eu\/marketingisdead\/?s={search_term_string}\"},\"query-input\":\"required name=search_term_string\"}],\"inLanguage\":\"fr-FR\"},{\"@type\":\"WebPage\",\"@id\":\"https:\/\/consumerinsight.eu\/marketingisdead\/blog\/all-posts\/#webpage\",\"url\":\"https:\/\/consumerinsight.eu\/marketingisdead\/blog\/all-posts\/\",\"name\":\"Tous les articles - Marketing is Dead\",\"isPartOf\":{\"@id\":\"https:\/\/consumerinsight.eu\/marketingisdead\/#website\"},\"datePublished\":\"2014-06-02T12:42:37+00:00\",\"dateModified\":\"2016-05-12T08:03:32+00:00\",\"breadcrumb\":{\"@id\":\"https:\/\/consumerinsight.eu\/marketingisdead\/blog\/all-posts\/#breadcrumb\"},\"inLanguage\":\"fr-FR\",\"potentialAction\":[{\"@type\":\"ReadAction\",\"target\":[\"https:\/\/consumerinsight.eu\/marketingisdead\/blog\/all-posts\/\"]}]},{\"@type\":\"BreadcrumbList\",\"@id\":\"https:\/\/consumerinsight.eu\/marketingisdead\/blog\/all-posts\/#breadcrumb\",\"itemListElement\":[{\"@type\":\"ListItem\",\"position\":1,\"name\":\"Accueil\",\"item\":\"https:\/\/consumerinsight.eu\/marketingisdead\/\"},{\"@type\":\"ListItem\",\"position\":2,\"name\":\"Blog\",\"item\":\"https:\/\/consumerinsight.eu\/marketingisdead\/blog\/\"},{\"@type\":\"ListItem\",\"position\":3,\"name\":\"Tous les articles\"}]}]}<\/script>\n<!-- \/ Yoast SEO plugin. -->","yoast_head_json":{"title":"Tous les articles - Marketing is Dead","robots":{"index":"index","follow":"follow","max-snippet":"max-snippet:-1","max-image-preview":"max-image-preview:large","max-video-preview":"max-video-preview:-1"},"canonical":"https:\/\/consumerinsight.eu\/marketingisdead\/blog\/all-posts\/","og_locale":"fr_FR","og_type":"article","og_title":"Tous les articles - Marketing is Dead","og_url":"https:\/\/consumerinsight.eu\/marketingisdead\/blog\/all-posts\/","og_site_name":"Marketing is Dead","article_modified_time":"2016-05-12T08:03:32+00:00","twitter_card":"summary","schema":{"@context":"https:\/\/schema.org","@graph":[{"@type":"WebSite","@id":"https:\/\/consumerinsight.eu\/marketingisdead\/#website","url":"https:\/\/consumerinsight.eu\/marketingisdead\/","name":"Marketing is Dead","description":"Le marketing est mort, vive le marketing","potentialAction":[{"@type":"SearchAction","target":{"@type":"EntryPoint","urlTemplate":"https:\/\/consumerinsight.eu\/marketingisdead\/?s={search_term_string}"},"query-input":"required name=search_term_string"}],"inLanguage":"fr-FR"},{"@type":"WebPage","@id":"https:\/\/consumerinsight.eu\/marketingisdead\/blog\/all-posts\/#webpage","url":"https:\/\/consumerinsight.eu\/marketingisdead\/blog\/all-posts\/","name":"Tous les articles - Marketing is Dead","isPartOf":{"@id":"https:\/\/consumerinsight.eu\/marketingisdead\/#website"},"datePublished":"2014-06-02T12:42:37+00:00","dateModified":"2016-05-12T08:03:32+00:00","breadcrumb":{"@id":"https:\/\/consumerinsight.eu\/marketingisdead\/blog\/all-posts\/#breadcrumb"},"inLanguage":"fr-FR","potentialAction":[{"@type":"ReadAction","target":["https:\/\/consumerinsight.eu\/marketingisdead\/blog\/all-posts\/"]}]},{"@type":"BreadcrumbList","@id":"https:\/\/consumerinsight.eu\/marketingisdead\/blog\/all-posts\/#breadcrumb","itemListElement":[{"@type":"ListItem","position":1,"name":"Accueil","item":"https:\/\/consumerinsight.eu\/marketingisdead\/"},{"@type":"ListItem","position":2,"name":"Blog","item":"https:\/\/consumerinsight.eu\/marketingisdead\/blog\/"},{"@type":"ListItem","position":3,"name":"Tous les articles"}]}]}},"jetpack_sharing_enabled":true,"jetpack_shortlink":"https:\/\/wp.me\/P7oQEP-4W0","jetpack-related-posts":[{"id":18965,"url":"http:\/\/consumerinsight.eu\/marketingisdead\/","url_meta":{"origin":18972,"position":0},"title":"Le marketing est mort.  Vive le marketing !","date":"2 juin 2014","format":false,"excerpt":"","rel":"","context":"Avec 5 commentaires","img":{"alt_text":"","src":"","width":0,"height":0},"classes":[]},{"id":24857,"url":"http:\/\/consumerinsight.eu\/marketingisdead\/marketing-is-dead\/","url_meta":{"origin":18972,"position":1},"title":"Marketing is dead","date":"16 novembre 2015","format":false,"excerpt":"Marketing et communication se sont construits dans une soci\u00e9t\u00e9 \u2013 la soci\u00e9t\u00e9 de consommation \u2013 qui vit ses derni\u00e8res heures. Elle est\u00a0fond\u00e9e sur\u00a0: Un progr\u00e8s technologique sans pr\u00e9c\u00e9dent\u00a0: les consommateurs acc\u00e9daient \u00e0 un confort auquel les g\u00e9n\u00e9rations pr\u00e9c\u00e9dentes n\u2019auraient jamais os\u00e9 pr\u00e9tendre\u00a0; Un progr\u00e8s soci\u00e9tal \u00e9vident\u00a0: les in\u00e9galit\u00e9s tendant \u00e0\u2026","rel":"","context":"Article similaire","img":{"alt_text":"","src":"https:\/\/i0.wp.com\/consumerinsight.eu\/marketingisdead\/wp-content\/uploads\/sites\/2\/2014\/06\/poster-german-metro-subway-large.jpg?fit=811%2C550&resize=350%2C200","width":350,"height":200},"classes":[]},{"id":24826,"url":"http:\/\/consumerinsight.eu\/marketingisdead\/vision\/","url_meta":{"origin":18972,"position":2},"title":"Vision","date":"10 octobre 2015","format":false,"excerpt":"","rel":"","context":"Article similaire","img":{"alt_text":"","src":"","width":0,"height":0},"classes":[]},{"id":19843,"url":"http:\/\/consumerinsight.eu\/marketingisdead\/home-default\/","url_meta":{"origin":18972,"position":3},"title":"Home Default","date":"13 juin 2014","format":false,"excerpt":"","rel":"","context":"Article similaire","img":{"alt_text":"","src":"","width":0,"height":0},"classes":[]},{"id":17651,"url":"http:\/\/consumerinsight.eu\/marketingisdead\/latest-posts-boxes\/","url_meta":{"origin":18972,"position":4},"title":"Latest Posts Boxes","date":"26 mai 2014","format":false,"excerpt":"","rel":"","context":"Article similaire","img":{"alt_text":"","src":"","width":0,"height":0},"classes":[]},{"id":2,"url":"http:\/\/consumerinsight.eu\/marketingisdead\/page-d-exemple\/","url_meta":{"origin":18972,"position":5},"title":"Page d&rsquo;exemple","date":"23 septembre 2015","format":false,"excerpt":"Voici un exemple de page. Elle est diff\u00e9rente d'un article de blog, en cela qu'elle restera \u00e0 la m\u00eame place, et s'affichera dans le menu de navigation de votre site (en fonction de votre th\u00e8me). La plupart des gens commencent par \u00e9crire une page \u00ab \u00c0 Propos \u00bb qui les\u2026","rel":"","context":"Article similaire","img":{"alt_text":"","src":"","width":0,"height":0},"classes":[]}],"_links":{"self":[{"href":"http:\/\/consumerinsight.eu\/marketingisdead\/wp-json\/wp\/v2\/pages\/18972"}],"collection":[{"href":"http:\/\/consumerinsight.eu\/marketingisdead\/wp-json\/wp\/v2\/pages"}],"about":[{"href":"http:\/\/consumerinsight.eu\/marketingisdead\/wp-json\/wp\/v2\/types\/page"}],"author":[{"embeddable":true,"href":"http:\/\/consumerinsight.eu\/marketingisdead\/wp-json\/wp\/v2\/users\/1"}],"replies":[{"embeddable":true,"href":"http:\/\/consumerinsight.eu\/marketingisdead\/wp-json\/wp\/v2\/comments?post=18972"}],"version-history":[{"count":3,"href":"http:\/\/consumerinsight.eu\/marketingisdead\/wp-json\/wp\/v2\/pages\/18972\/revisions"}],"predecessor-version":[{"id":25048,"href":"http:\/\/consumerinsight.eu\/marketingisdead\/wp-json\/wp\/v2\/pages\/18972\/revisions\/25048"}],"up":[{"embeddable":true,"href":"http:\/\/consumerinsight.eu\/marketingisdead\/wp-json\/wp\/v2\/pages\/1815"}],"wp:attachment":[{"href":"http:\/\/consumerinsight.eu\/marketingisdead\/wp-json\/wp\/v2\/media?parent=18972"}],"curies":[{"name":"wp","href":"https:\/\/api.w.org\/{rel}","templated":true}]}}